13). Let q(b) = 3*b**2 + 14 - b**f + 22 - 29. Determine q(0).
7
Let p(j) = -167*j**2 + 11*j + 6. Let n(v) = -91*v**2 + 6*v + 3. Let h(s) = -11*n(s) + 6*p(s). Calculate h(-4).
-13
Let b(a) = -a - 4. Let h(t) = -2*t**2 + 20*t + 80. Let w be h(-3). Give b(w).
-6
Let l(a) = -3897*a - 3 + 1986*a + 1944*a + 4. Calculate l(-2).
-65
Let y be (-14)/6 + (-12199)/3327. Let d(v) be the second derivative of v**5/20 + 5*v**4/12 - v**3/2 + 4*v**2 - v. Determine d(y).
-10
Let o(l) = 1 + 257*l**3 - l - 127*l**3 - 3 - 129*l**3. Give o(-4).
-62
Let p(s) = -16*s**2 - 8*s + 103*s**3 - 101*s**3 + 12*s**2 + 14. Give p(2).
-2
Let h(o) = 2*o**3 - 93*o**2 - 47*o - 4. Let y be (-94)/14*(407 + -414). Determine h(y).
-4
Let o = -24 + 29. Suppose -79 = -o*z + 1. Suppose 4*f + 5*q + 12 = 0, 8*q - 3*q = -2*f - z. Let g(j) = j**3 - 2*j. Calculate g(f).
4
Let y(t) = t. Suppose -5*r + 3 - 13 = 0. Let z(d) = 6*d**2 + 4*d + 2. Let o be z(r). Suppose -4*q + o = 2*q. Give y(q).
3
Let n(l) = 2*l**3 - l**2. Suppose 4*y + 28 - 8 = 0. Let t(p) = 11*p**3 - 12*p**2 + 8*p + 6. Let o(q) = y*n(q) + t(q). Give o(6).
18
Let v(c) = -2*c - c + 16 - 6*c + 14*c. Let i(q) = 2*q + 7. Let d(w) = -7*i(w) + 3*v(w). Let n(k) = -9*k + 1. Let z(y) = -2*d(y) - n(y). Give z(-1).
-6
Let f = 665 + -665. Let p(t) be the first derivative of -4 - 11*t - 1/4*t**4 + 1/2*t**2 + 1/3*t**3. Determine p(f).
-11
Let c(h) = h + 8. Let s = 12952 - 12929. Give c(s).
31
Let o(s) = -7*s + 168. Let d be o(24). Suppose d = 25*h - 1 - 49. Let w(y) = -2*y**3 + 2*y**2 + 2. Give w(h).
-6
Let z(n) = -n**2 - 14*n + 3. Let u = 2190 - 2204. Calculate z(u).
3
Let w(a) be the second derivative of a**3/6 - 8*a + 7. Let p(k) = -2*k - 7. Let d(h) = -2*p(h) - 6*w(h). Give d(6).
2
Let m(t) = -t**3 + t**2 + t - 8. Let l be (15 + -17)/(0 + (-4)/6). Suppose -4*k = -w + 16, -12 = -4*w + 6*w + l*k. Give m(w).
-8
Let o(h) = h**3 - h**2 + 1. Let l(w) = 6*w**2 + 32*w - 5. Let q be l(-6). Suppose -4 = q*m - 21*m. Determine o(m).
5
Let o = -3235 + 3245. Let y(t) = -2*t + 8. Calculate y(o).
-12
Suppose -5 = -2*x + 5*g, 0 = -4*x + 3*g - 5*g + 22. Suppose k = -5*j + 2*j, -12 = x*k + 3*j. Let o(r) = -5*r + 1. Calculate o(k).
16
Let m(r) = 44 + r - 67 + 25 - 18*r**2. What is m(2)?
-68
Suppose 8 = 5*f - f. Let q(m) = m - 22 - m**f + 13 + 11*m. Suppose 0 = -5*j + 4*j + 11. Determine q(j).
2
Let k be (-6)/(-108)*6*12/8. Let y(z) be the first derivative of 14 - k*z**2 + z. Determine y(7).
-6
Let a be 245/(-42) - ((-152)/(-48) - 3). Let q(u) = -2*u**2 - u + 10. Give q(a).
-56
Suppose 0 = -32*i + 38*i + 18. Let q = -14 + 16. Let v(p) = -3 - 3*p - 4 + 4*p - q*p. Calculate v(i).
-4
Let n(d) = 2*d**3 - 28*d**2 + 30*d - 47. Suppose -2*j + 5*b + 1 = 0, 101*b - 46 = -2*j + 97*b. Give n(j).
5
Let h(z) be the third derivative of z**4/24 - 3*z**3/2 - 4*z**2. Suppose -3*f = -2*b - 27, 2*b = 6*f - 0*f - 54. What is h(f)?
0
Let v(f) be the third derivative of -f**5/60 + f**4 - 35*f**3/6 - 2557*f**2. Calculate v(18).
73
Let v be 280/21 + (-24)/18. Let b(i) = -10*i + 55. Give b(v).
-65
Let g(b) = -4*b + 15 - 30 + 20 + 9*b. Calculate g(9).
50
Let r(k) = -k**2 - 14*k - 9. Let d be r(-13). Let x be 1/(-2) - (-11 + 46/d). Let c(i) = 14*i. Give c(x).
-14
Let r(x) = -x**3 + 2*x**2 - 2*x + 2. Let i be 0/(9 + (-14)/2). Determine r(i).
2
Let p(j) be the third derivative of -j**4/24 + 29*j**3/6 + 403*j**2. Calculate p(8).
21
Let w(p) = -p + 5. Let s(l) = -l**2 - 26*l + 0*l**2 + 14*l. Let o be s(-12). Calculate w(o).
5
Let j(a) = a**3 + 18*a**2 + 22*a + 38. Let n(i) = 8*i**2 - 80*i - 17. Let x be n(10). Give j(x).
-47
Let n(y) = y**2 + 7*y + 7. Suppose 91*l = 89*l + 150. Let i = 81 - l. Suppose 4*k = -8, -i*h + 3*k = -3*h + 12. Calculate n(h).
1
Let s(w) be the third derivative of w**6/120 - 17*w**5/15 - 17*w**4/6 - 67*w**3/6 + w**2 - 225*w. Determine s(69).
2
Let w(r) = -24*r - 114. Let p(n) = -n**2 + 70*n - 1214. Let v be p(31). Calculate w(v).
6
Let q be 37/(-3) - (-1)/3. Let k(x) be the second derivative of -x**3/2 - 33*x**2/2 - 363*x. Let z be k(q). Let j(l) = -l**3 + 5*l**2 - 3*l - 3. Give j(z).
6
Let s(f) be the third derivative of 0 - 1/120*f**6 + 7/60*f**5 + 2*f**2 - 7/6*f**3 + 0*f - 1/4*f**4. Suppose -3615 = -1100*k + 3390 - 1505. What is s(k)?
13
Let z(b) be the third derivative of b**5/60 - 3*b**4/8 + 11*b**3/6 - 64*b**2. Suppose 2*r + 4*s - 2*s = 16, 3*s = r - 8. Determine z(r).
3
Let f(n) = -n**3 + 11*n**2 - 9*n - 12. Suppose 52 + 22 = -l. Let c be 7/(315/3771) - 1/(-5). Let k = c + l. Determine f(k).
-2
Let t(w) = -41*w + 651. Let c(g) = g**2 + 202*g - 1664. Let j be c(8). Determine t(j).
-5
Let t(f) = -6510 + 6513 + 14*f**3 + 13*f**3 + 2*f + 6*f**3. What is t(-1)?
-32
Let b(f) be the first derivative of f**4/4 - 3*f**2 + 7*f - 137. Let d(m) be the second derivative of b(m). What is d(3)?
18
Suppose p = 4*i - 4*p + 18, p = 2. Let t(k) = -13*k + 15. Let m(f) = -56 + 19 - 4*f + 24 + 18. Let j(n) = i*t(n) + 7*m(n). Determine j(5).
-5
Let y(w) = -70*w**3 + 68*w**2 + 19*w - 43. Let l(h) = -29*h**3 + 28*h**2 + 8*h - 18. Let c(k) = -29*l(k) + 12*y(k). Let s = -16 - -11. Give c(s).
1
Suppose 42*z - 53*z + 55 = 0. Let b(y) = -9*y**2 + 6 - 2*y**2 + 26*y**2 - z - 7*y**2. Give b(2).
33
Let l(r) be the third derivative of -1/60*r**5 + 1/12*r**4 + r**2 + 0 + 171*r + 7/3*r**3. Calculate l(6).
-10
Let x(m) be the first derivative of 3/2*m**2 - 1/3*m**3 - 87 - 1/4*m**4 + 2*m. Calculate x(3).
-25
Let f(m) be the second derivative of -1/6*m**4 - m**3 + 3*m**2 + 3 + 14*m. Determine f(-5).
-14
Let f = -129 + 131. Let g(l) = 3437 - 1718 + f*l - 1698. What is g(-9)?
3
Let k(n) = -2*n**3 + 24*n**2 - 18*n - 35. Let l be k(11). Let y(v) be the first derivative of -2 + 1/2*v**2 - l*v. Calculate y(9).
0
Let v(w) = -w**3 - 10*w**2 - 35*w - 223. Let x be v(-9). Let b(n) = n + 61. What is b(x)?
72
Suppose -4*f + 76 = q + 68, 5*f = 5*q + 10. Let u(n) be the second derivative of 0 + 0*n**f - 1/2*n**3 - 9*n. Give u(1).
-3
Let l(u) be the second derivative of -u**7/840 - 13*u**6/360 + u**4/4 - 23*u**3/6 + 25*u - 4. Let h(r) be the second derivative of l(r). Determine h(-13).
6
Let b(w) = 244 - 722 + 237 + 11*w + 254. Calculate b(-1).
2
Let o(f) = 2*f**2 - 197*f + 4107. Let v be o(30). Let p(t) = -6*t**3 - 4*t**2 + 5. Give p(v).
131
Let c(o) = -17*o + 51*o**2 + 50*o**2 + 21*o - 102*o**2 - o**3. What is c(-3)?
6
Let b(c) = -10*c**2 + 119*c + 25. Let l be b(12). Suppose 131 = 5*p + 4*u - 110, -3*p - u = -146. Let j(s) = -p + 66 - 2*s - s**2 + 13*s. Give j(l).
-9
Let u(j) = j**2 + j + 9. Let k(z) = -20*z - 117. Let w be k(-6). Suppose 3*h - 2*h = 2*p - w, -5*h = 15. Give u(p).
9
Let d(p) = -1. Let z(m) = m**2 + 3*m + 3. Let q(f) = 3*d(f) - z(f). Let t(j) = -j**2 - 4*j - 5. Let n(o) = -2*q(o) + 3*t(o). Let x = 9308 + -9311. What is n(x)?
6
Let j = 783 - 777. Let x(k) = k**3 - k**2 + 1. Let f(o) = 2*o**3 - 7*o**2 + 3*o - 8. Let i(a) = -f(a) + x(a). Give i(j).
-9
Let y = -155 - -108. Let b = 52 + y. Let w(k) = -10 + b - k - 3*k + 2*k**2. What is w(4)?
11
Let s be (-146)/(-10) + 2/5. Suppose -4*f + s = -9*f. Let r(t) be the second derivative of t**4/12 + 5*t**3/6 + 3*t**2/2 + 167*t + 480. Calculate r(f).
-3
Let h(p) = -p**2 - 2*p - 2. Let y(i) = 3*i - 5. Let q be y(3). Suppose 15*m = 13*m - q. Give h(m).
-2
Let k(y) be the third derivative of 55*y**4/24 + 1097*y**3/6 - 3*y**2 + y + 128. What is k(-20)?
-3
Let s(x) be the third derivative of -x**6/120 + x**5/12 + x**4/24 - 2*x**3/3 - x**2. Let d(w) = -11*w**2 + 310*w + 966. Let o be d(31). Determine s(o).
1
Let r(m) = 2*m**3 + 24*m**2 + 7. Let h be r(-12). Let y(n) = -2 - 1 + 2*n + h + 0. Determine y(-6).
-8
Suppose 113*d = -152 - 187. Let i(a) = a + 1. Suppose 4*w + 20 = -4. Let m(n) = -n**2 - 7*n - 3. Let h(k) = w*i(k) - m(k). Calculate h(d).
3
Let w(p) = -9 + 26 + 5*p - 6 - 8 - 2*p**2. Let a(z) = z - 9. Let g be a(9). Let m(r) = r + 4. Let j be m(g). Determine w(j).
-9
Let u(m) = m**2 - 11*m - 7. Let b(r) = -r**3 + 20*r**2 + 24*r - 51. Let y be (60/(-6) - -6)/1 - -25. Let d be b(y). Give u(d).
5
Let v(a) = a**3 - 44*a**2 + 41*a + 82. Suppose 61*d - 1116 = 1507. Calculate v(d).
-4
Let u(s) be the third derivative of s**6/120 - s**5/20 + s**4/4 + 31*s**3/6 + 4*s**2 + 19*s. What is u(-3)?
-41
Let h(g) = -2 + 2 + 736*g - 5 + 10*g**2 - 3*g**2 - 652*g. What is h